{"id":14579,"date":"2014-03-28T17:04:46","date_gmt":"2014-03-28T17:04:46","guid":{"rendered":"http:\/\/demo.qodeinteractive.com\/bridge\/?page_id=14579"},"modified":"2017-12-27T13:11:17","modified_gmt":"2017-12-27T12:11:17","slug":"conseil","status":"publish","type":"page","link":"https:\/\/ergopolis.fr\/index.php\/conseil\/","title":{"rendered":"Conseil"},"content":{"rendered":"<p>[vc_row row_type=\u00a0\u00bbrow\u00a0\u00bb type=\u00a0\u00bbgrid\u00a0\u00bb text_align=\u00a0\u00bbleft\u00a0\u00bb padding_top=\u00a0\u00bb87&Prime; background_color=\u00a0\u00bb#ffffff\u00a0\u00bb padding_bottom=\u00a0\u00bb80&Prime;][vc_column width=\u00a0\u00bb1\/1&Prime;][vc_column_text]<\/p>\n<h1 style=\"text-align: center;\">Nos prestations de conseil s\u2019adressent aux\u00a0TPME, ETI, collectivit\u00e9s territoriales et structures m\u00e9dicales et m\u00e9dico-sociales<\/h1>\n<hr \/>\n<p>&nbsp;<\/p>\n<p><img loading=\"lazy\" class=\"aligncenter wp-image-14968 size-full\" src=\"http:\/\/ergopolis.fr\/wp-content\/uploads\/2014\/03\/Image1.png\" alt=\"Image1\" width=\"1115\" height=\"80\" srcset=\"https:\/\/ergopolis.fr\/wp-content\/uploads\/2014\/03\/Image1.png 1115w, https:\/\/ergopolis.fr\/wp-content\/uploads\/2014\/03\/Image1-300x22.png 300w, https:\/\/ergopolis.fr\/wp-content\/uploads\/2014\/03\/Image1-768x55.png 768w, https:\/\/ergopolis.fr\/wp-content\/uploads\/2014\/03\/Image1-1024x73.png 1024w, https:\/\/ergopolis.fr\/wp-content\/uploads\/2014\/03\/Image1-700x50.png 700w\" sizes=\"(max-width: 1115px) 100vw, 1115px\" \/><\/p>\n<h3><\/h3>\n<p>&nbsp;<\/p>\n<h2>Nos collaborations\u00a0d\u00e9coulent g\u00e9n\u00e9ralement de l\u2019expression\u00a0de trois types d&rsquo;objectifs par nos clients, qui sont en r\u00e9alit\u00e9 fortement interd\u00e9pendants:<\/h2>\n<p>&nbsp;<\/p>\n<p>&nbsp;<\/p>\n<h3><strong>&#8211;\u00a0 \u00a0R\u00e9solution de probl\u00e8mes\u00a0d&rsquo;ordre organisationnel<\/strong><\/h3>\n<p>&nbsp;<\/p>\n<h4 style=\"text-align: justify; padding-left: 20px; padding-right: 20px;\">A la suite du\u00a0constat d&rsquo;une difficult\u00e9 ou des\u00a0dysfonctionnements, nous intervenons aupr\u00e8s de nos clients pour leur permettre de bien d\u00e9finir le contexte et les contours du probl\u00e8me d\u00e9tect\u00e9, de poser un diagnostic pr\u00e9cis et de co-construire les pistes d&rsquo;actions les plus adapt\u00e9es pour am\u00e9liorer la situation. En fonction de la volont\u00e9 de nos clients, notre intervention peut se poursuivre ou non dans la phase de transformation et de la conduite du changement.<\/h4>\n<h4 style=\"text-align: justify; padding-left: 20px; padding-right: 20px;\"><\/h4>\n<h4 style=\"text-align: justify; padding-left: 20px; padding-right: 20px;\">Quelques exemples d&rsquo;intervention \u00e0 partir d&rsquo;une situation \u00ab\u00a0probl\u00e9matique\u00a0\u00bb:<br \/>\n\u22c5\u00a0 Mal-\u00eatre, improductivit\u00e9, tun-over, &#8230; Comprendre et\u00a0combattre \u00e0 la source ces diff\u00e9rentes formes de manifestation des risques psychosociaux <strong>(RPS)<\/strong><br \/>\n\u22c5\u00a0\u00a0Analyser et r\u00e9duire\u00a0le ph\u00e9nom\u00e8ne multi-causal qu&rsquo;est <strong>l\u2019absent\u00e9isme<\/strong> (notamment dans la fonction publique territoriale)<br \/>\n\u22c5\u00a0\u00a0Analyser et r\u00e9soudre les <strong>conflits interpersonnels<\/strong>, impactant le d\u00e9roulement de l&rsquo;activit\u00e9 et la performance<br \/>\n\u22c5\u00a0\u00a0Anticiper les \u00e9volutions en interne et mettre en place une politique de <strong>transmission des comp\u00e9tences<\/strong><br \/>\n\u22c5 Surmonter les difficult\u00e9s en lien avec les\u00a0activit\u00e9s de <strong>planification<\/strong> et optimiser cette\u00a0mission particuli\u00e8rement importante sur un plan strat\u00e9gique<\/h4>\n<h3><img loading=\"lazy\" class=\"wp-image-15329 aligncenter\" src=\"http:\/\/ergopolis.fr\/wp-content\/uploads\/2014\/03\/absenteisme-ca-se-soigne-770x437-Copie.jpg\" alt=\"\" width=\"315\" height=\"179\" srcset=\"https:\/\/ergopolis.fr\/wp-content\/uploads\/2014\/03\/absenteisme-ca-se-soigne-770x437-Copie.jpg 770w, https:\/\/ergopolis.fr\/wp-content\/uploads\/2014\/03\/absenteisme-ca-se-soigne-770x437-Copie-300x170.jpg 300w, https:\/\/ergopolis.fr\/wp-content\/uploads\/2014\/03\/absenteisme-ca-se-soigne-770x437-Copie-768x436.jpg 768w, https:\/\/ergopolis.fr\/wp-content\/uploads\/2014\/03\/absenteisme-ca-se-soigne-770x437-Copie-700x397.jpg 700w\" sizes=\"(max-width: 315px) 100vw, 315px\" \/><\/h3>\n<p>&nbsp;<\/p>\n<p>&nbsp;<\/p>\n<hr \/>\n<h3><strong>&#8211;\u00a0 \u00a0Accompagnement dans la mise en place de nouvelles d\u00e9marches organisationnelles<\/strong><\/h3>\n<p>&nbsp;<\/p>\n<h4 style=\"text-align: justify; padding-left: 20px; padding-right: 20px;\">Nous accompagnons nos clients dans les d\u00e9marches d&rsquo;\u00e9volutions organisationnelles, telles que la mise en place de la\u00a0politique de la Qualit\u00e9 de Vie au Travail <strong>(QVT)<\/strong>, de la Responsabilisation Soci\u00e9tale des Entreprises <strong>(RSE)<\/strong>, l\u2019impl\u00e9mentation de progiciels de gestion <strong>(ERP)<\/strong> ou encore la mise en place d&rsquo;approches alternatives de production <strong>(LEAN) <\/strong>ou de management<strong>\u00a0(agile et lib\u00e9r\u00e9)<\/strong><\/h4>\n<h4 style=\"text-align: justify; padding-left: 20px; padding-right: 20px;\">\u00a0<img loading=\"lazy\" class=\"aligncenter wp-image-15330\" src=\"http:\/\/ergopolis.fr\/wp-content\/uploads\/2014\/03\/estee-janssens-396889-Copie-1024x684.jpg\" alt=\"\" width=\"323\" height=\"215\" srcset=\"https:\/\/ergopolis.fr\/wp-content\/uploads\/2014\/03\/estee-janssens-396889-Copie-1024x684.jpg 1024w, https:\/\/ergopolis.fr\/wp-content\/uploads\/2014\/03\/estee-janssens-396889-Copie-300x201.jpg 300w, https:\/\/ergopolis.fr\/wp-content\/uploads\/2014\/03\/estee-janssens-396889-Copie-768x513.jpg 768w, https:\/\/ergopolis.fr\/wp-content\/uploads\/2014\/03\/estee-janssens-396889-Copie-700x468.jpg 700w\" sizes=\"(max-width: 323px) 100vw, 323px\" \/><\/h4>\n<p>&nbsp;<\/p>\n<p>&nbsp;<\/p>\n<hr \/>\n<p>&nbsp;<\/p>\n<h3><strong>&#8211;\u00a0 \u00a0Satisfaire les obligations l\u00e9gales en mati\u00e8re de pr\u00e9vention des risques professionnels et la gestion des Ressources Humaines<\/strong><\/h3>\n<h4 style=\"text-align: justify; padding-left: 20px; padding-right: 20px;\">En fonctions des objectifs, des moyens et des sp\u00e9cificit\u00e9s de chaque structure, nous proposons un accompagnement sur mesure\u00a0pour l&rsquo;\u00e9laboration du Document Unique <strong>(DU) <\/strong>ou encore concernant la d\u00e9marche <strong>p\u00e9nibilit\u00e9<\/strong>. Notre accompagnement peut s\u2019\u00e9tendre \u00e9galement sur les missions obligatoires en mati\u00e8re de RH, telle que la prise en charge des diff\u00e9rents<strong> entretiens individuels p\u00e9riodiques<\/strong>.Notre leitmotiv: <strong>faire de ces \u00ab\u00a0obligations\u00a0\u00bb une opportunit\u00e9,<\/strong> pour questionner l&rsquo;organisation de travail et de disposer ainsi d&rsquo;un ensemble d&rsquo;informations \u00e0 jour,\u00a0permettant de\u00a0mieux piloter les projets de changement et d\u2019am\u00e9lioration.<br \/>\nNotre approche: apporter une analyse et des solutions de qualit\u00e9, en veillant \u00e0 minimiser l&rsquo;investissement financier et temporel de nos clients.<\/h4>\n<h4 style=\"text-align: justify; padding-left: 60px; padding-right: 60px;\"><\/h4>\n<h4 style=\"text-align: justify; padding-left: 60px; padding-right: 60px;\"><img loading=\"lazy\" class=\"aligncenter wp-image-15331\" src=\"http:\/\/ergopolis.fr\/wp-content\/uploads\/2014\/03\/ricardo-gomez-angel-296697-Copie-1024x604.jpg\" alt=\"\" width=\"328\" height=\"193\" srcset=\"https:\/\/ergopolis.fr\/wp-content\/uploads\/2014\/03\/ricardo-gomez-angel-296697-Copie-1024x604.jpg 1024w, https:\/\/ergopolis.fr\/wp-content\/uploads\/2014\/03\/ricardo-gomez-angel-296697-Copie-300x177.jpg 300w, https:\/\/ergopolis.fr\/wp-content\/uploads\/2014\/03\/ricardo-gomez-angel-296697-Copie-768x453.jpg 768w, https:\/\/ergopolis.fr\/wp-content\/uploads\/2014\/03\/ricardo-gomez-angel-296697-Copie-700x413.jpg 700w\" sizes=\"(max-width: 328px) 100vw, 328px\" \/><\/h4>\n<p>&nbsp;<\/p>\n<p>&nbsp;<\/p>\n<hr \/>\n<h4 style=\"text-align: justify; padding-left: 20px; padding-right: 20px;\">En parall\u00e8le \u00e0 nos interventions de conseil ponctuelles,\u00a0nous vous proposons \u00e9galement l&rsquo;ensemble de nos prestations dans une formule de partenariat sur du long terme, que l&rsquo;on intitule <b>\u00ab\u00a0contrat de maintenance pr\u00e9vention\u00a0et organisation RH\u00a0\u00bb.<\/b><br \/>\nCe format de collaboration, qui r\u00e9pond aux besoins d\u2019externalisation,\u00a0pr\u00e9sente plusieurs avantages:<\/p>\n<ul>\n<li>Construction\u00a0d&rsquo;une\u00a0relation de confiance sur du long terme<\/li>\n<li>Continuit\u00e9 et coh\u00e9rence dans les actions men\u00e9es sur la dur\u00e9e<\/li>\n<li>Flexibilit\u00e9 et avantages financiers\u00a0li\u00e9s au principe m\u00eame d&rsquo;externalisation<\/li>\n<\/ul>\n<\/h4>\n<p>&nbsp;<\/p>\n<p>[\/vc_column][\/vc_row]<\/p>\n<p>&nbsp;<\/p>\n","protected":false},"excerpt":{"rendered":"<p>[vc_row row_type=\u00a0\u00bbrow\u00a0\u00bb type=\u00a0\u00bbgrid\u00a0\u00bb text_align=\u00a0\u00bbleft\u00a0\u00bb padding_top=\u00a0\u00bb87&Prime; background_color=\u00a0\u00bb#ffffff\u00a0\u00bb padding_bottom=\u00a0\u00bb80&Prime;][vc_column width=\u00a0\u00bb1\/1&Prime;][vc_column_text] Nos prestations de conseil s\u2019adressent aux\u00a0TPME, ETI, collectivit\u00e9s territoriales et structures m\u00e9dicales et m\u00e9dico-sociales &nbsp; &nbsp; Nos collaborations\u00a0d\u00e9coulent g\u00e9n\u00e9ralement de l\u2019expression\u00a0de trois types d&rsquo;objectifs par nos clients, qui sont en r\u00e9alit\u00e9 fortement interd\u00e9pendants: &nbsp; &nbsp; &#8211;\u00a0 \u00a0R\u00e9solution&#8230;<\/p>\n","protected":false},"author":1,"featured_media":0,"parent":0,"menu_order":0,"comment_status":"open","ping_status":"closed","template":"full_width.php","meta":[],"_links":{"self":[{"href":"https:\/\/ergopolis.fr\/index.php\/wp-json\/wp\/v2\/pages\/14579"}],"collection":[{"href":"https:\/\/ergopolis.fr\/index.php\/wp-json\/wp\/v2\/pages"}],"about":[{"href":"https:\/\/ergopolis.fr\/index.php\/wp-json\/wp\/v2\/types\/page"}],"author":[{"embeddable":true,"href":"https:\/\/ergopolis.fr\/index.php\/wp-json\/wp\/v2\/users\/1"}],"replies":[{"embeddable":true,"href":"https:\/\/ergopolis.fr\/index.php\/wp-json\/wp\/v2\/comments?post=14579"}],"version-history":[{"count":50,"href":"https:\/\/ergopolis.fr\/index.php\/wp-json\/wp\/v2\/pages\/14579\/revisions"}],"predecessor-version":[{"id":15332,"href":"https:\/\/ergopolis.fr\/index.php\/wp-json\/wp\/v2\/pages\/14579\/revisions\/15332"}],"wp:attachment":[{"href":"https:\/\/ergopolis.fr\/index.php\/wp-json\/wp\/v2\/media?parent=14579"}],"curies":[{"name":"wp","href":"https:\/\/api.w.org\/{rel}","templated":true}]}}